49?
107, 307
What are the prime factors of 34521?
3, 37, 311
What are the prime factors of 1832?
2, 229
What are the prime factors of 35168?
2, 7, 157
List the prime factors of 975.
3, 5, 13
List the prime factors of 227.
227
List the prime factors of 1497.
3, 499
List the prime factors of 1301.
1301
What are the prime factors of 5413?
5413
What are the prime factors of 2118?
2, 3, 353
List the prime factors of 24033.
3, 8011
List the prime factors of 993.
3, 331
What are the prime factors of 1461?
3, 487
What are the prime factors of 4941?
3, 61
List the prime factors of 1924.
2, 13, 37
What are the prime factors of 3178?
2, 7, 227
List the prime factors of 103805.
5, 13, 1597
What are the prime factors of 43171?
23, 1877
What are the prime factors of 1401?
3, 467
What are the prime factors of 25076?
2, 6269
List the prime factors of 9093.
3, 7, 433
List the prime factors of 1942.
2, 971
What are the prime factors of 23265?
3, 5, 11, 47
What are the prime factors of 8651?
41, 211
What are the prime factors of 112?
2, 7
List the prime factors of 19211.
19211
List the prime factors of 10940.
2, 5, 547
List the prime factors of 6120.
2, 3, 5, 17
What are the prime factors of 11903?
11903
List the prime factors of 140580.
2, 3, 5, 11, 71
List the prime factors of 12451.
12451
What are the prime factors of 20703?
3, 67, 103
List the prime factors of 2531.
2531
List the prime factors of 689.
13, 53
List the prime factors of 3205.
5, 641
What are the prime factors of 42999?
3, 11, 1303
List the prime factors of 54768.
2, 3, 7, 163
What are the prime factors of 19676?
2, 4919
What are the prime factors of 29815?
5, 67, 89
What are the prime factors of 21013?
21013
List the prime factors of 15883.
7, 2269
List the prime factors of 786.
2, 3, 131
What are the prime factors of 765?
3, 5, 17
What are the prime factors of 8878?
2, 23, 193
What are the prime factors of 6812?
2, 13, 131
What are the prime factors of 123304?
2, 15413
List the prime factors of 23903.
11, 41, 53
What are the prime factors of 3768?
2, 3, 157
List the prime factors of 5235.
3, 5, 349
List the prime factors of 1068.
2, 3, 89
What are the prime factors of 455?
5, 7, 13
List the prime factors of 16172.
2, 13, 311
What are the prime factors of 109?
109
What are the prime factors of 56783?
56783
List the prime factors of 1663.
1663
List the prime factors of 271.
271
List the prime factors of 4679.
4679
List the prime factors of 1564.
2, 17, 23
List the prime factors of 205.
5, 41
What are the prime factors of 31405?
5, 11, 571
List the prime factors of 2083.
2083
List the prime factors of 928.
2, 29
What are the prime factors of 44398?
2, 79, 281
What are the prime factors of 28846?
2, 14423
List the prime factors of 4221.
3, 7, 67
List the prime factors of 20852.
2, 13, 401
List the prime factors of 16414.
2, 29, 283
List the prime factors of 3461.
3461
List the prime factors of 3157.
7, 11, 41
List the prime factors of 3097.
19, 163
What are the prime factors of 624?
2, 3, 13
List the prime factors of 3832.
2, 479
List the prime factors of 50344.
2, 7, 29, 31
What are the prime factors of 154668?
2, 3, 12889
List the prime factors of 8669.
8669
List the prime factors of 5769.
3, 641
List the prime factors of 2228.
2, 557
List the prime factors of 1205.
5, 241
List the prime factors of 415.
5, 83
List the prime factors of 16700.
2, 5, 167
What are the prime factors of 5302?
2, 11, 241
List the prime factors of 5001.
3, 1667
What are the prime factors of 372?
2, 3, 31
List the prime factors of 48784.
2, 3049
List the prime factors of 3246.
2, 3, 541
What are the prime factors of 2310?
2, 3, 5, 7, 11
What are the prime factors of 15710?
2, 5, 1571
What are the prime factors of 106785?
3, 5, 7, 113
What are the prime factors of 21928?
2, 2741
List the prime factors of 884.
2, 13, 17
List the prime factors of 338.
2, 13
List the prime factors of 16056.
2, 3, 223
What are the prime factors of 2362?
2, 1181
What are the prime factors of 27274?
2, 13, 1049
List the prime factors of 1545.
3, 5, 103
List the prime factors of 7776.
2, 3
What are the prime factors of 678?
2, 3, 113
What are the prime factors of 2035?
5, 11, 37
What are the prime factors of 107427?
3, 35809
List the prime factors of 357.
3, 7, 17
What are the prime factors of 5805?
3, 5, 43
List the prime factors of 4051.
4051
List the prime factors of 2213.
2213
List the prime factors of 5298.
2, 3, 883
What are the prime factors of 120510?
2, 3, 5, 13, 103
List the prime factors of 316.
2, 79
List the prime factors of 1528.
2, 191
List the prime factors of 43162.
2, 7, 3083
What are the prime factors of 14121?
3, 523
What are the prime factors of 873?
3, 97
List the prime factors of 72845.
5, 17, 857
What are the prime factors of 41087?
181, 227
What are the prime factors of 23032?
2, 2879
What are the prime factors of 49542?
2, 3, 23, 359
What are the prime factors of 17375?
5, 139
List the prime factors of 94051.
163, 577
What are the prime factors of 84295?
5, 23, 733
List the prime factors of 2808.
2, 3, 13
List the prime factors of 654.
2, 3, 109
What are the prime factors of 1618?
2, 809
What are the prime factors of 79781?
13, 17, 19
List the prime factors of 1362.
2, 3, 227
List the prime factors of 2069.
2069
What are the prime factors of 41552?
2, 7, 53
List the prime factors of 5364.
2, 3, 149
What are the prime factors of 12566?
2, 61, 103
List the prime factors of 176151.
3, 71, 827
What are the prime factors of 33547?
33547
List the prime factors of 51408.
2, 3, 7, 17
What are the prime factors of 1911?
3, 7, 13
What are the prime factors of 11833?
11833
List the prime factors of 56.
2, 7
What are the prime factors of 3306?
2, 3, 19, 29
List the prime factors of 3912.
2, 3, 163
What are the prime factors of 4384?
2, 137
What are the prime factors of 14604?
2, 3, 1217
What are the prime factors of 902?
2, 11, 41
What are the prime factors of 5275?
5, 211
List the prime factors of 9669.
3, 11, 293
What are the prime factors of 911?
911
What are the prime factors of 272?
2, 17
List the prime factors of 2236.
2, 13, 43
What are the prime factors of 100925?
5, 11, 367
What are the prime factors of 34267?
34267
List the prime factors of 19587.
3, 6529
List the prime factors of 3741.
3, 29, 43
What are the prime factors of 1708?
2, 7, 61
List the prime factors of 77703.
3, 59, 439
What are the prime factors of 1441?
11, 131
What are the prime factors of 2122?
2, 1061
What are the prime factors of 4414?
2, 2207
List the prime factors of 3335.
5, 23, 29
What are the prime factors of 1525?
5, 61
List the prime factors of 3105.
3, 5, 23
List the prime factors of 2537.
43, 59
What are the prime factors of 924?
2, 3, 7, 11
What are the prime factors of 98754?
2, 3, 109, 151
What are the prime factors of 49842?
2, 3, 13, 71
List the prime factors of 91378.
2, 7, 61, 107
List the prime factors of 27065.
5, 5413
List the prime factors of 2434.
2, 1217
What are the prime factors of 2109?
3, 19, 37
What are the prime factors of 76623?
3, 25541
List the prime factors of 10641.
3, 3547
List the prime factors of 12541.
12541
List the prime factors of 226.
2, 113
List the prime factors of 36342.
2, 3, 673
List the prime factors of 1676.
2, 419
What are the prime factors of 1065?
3, 5, 71
List the prime factors of 94294.
2, 47147
List the prime factors of 65845.
5, 13, 1013
What are the prime factors of 135811?
13, 31, 337
What are the prime factors of 174768?
2, 3, 11, 331
What are the prime factors of 1255?
5, 251
What are the prime factors of 36216?
2, 3, 503
List the prime factors of 1211.
7, 173
What are the prime factors of 654?
2, 3, 109
List the prime factors of 6757.
29, 233
List the prime factors of 2151.
3, 239
What are the prime factors of 22602?
2, 3, 3767
What are the prime factors of 20641?
20641
What are the prime factors of 12630?
2, 3, 5, 421
What are the prime factors of 2848?
2, 89
List the prime factors of 16741.
16741
What are the prime factors of 873?
3, 97
List the prime factors of 38806.
2, 19403
What are the prime factors of 19075?
5, 7, 109
What are the prime factors of 945?
3, 5, 7
List the prime factors of 334.
2, 167
What are the prime factors of 1124?
2, 281
List the prime factors of 170.
2, 5, 17
L